 = r - -16. What are the prime factors of v?
2, 7
List the prime factors of 222*3/(-15)*(-20)/6.
2, 37
Suppose 2 = -5*z + 6*z. List the prime factors of z.
2
Suppose 2*b = -2*b + 84. List the prime factors of 4/((b/24)/7).
2
Suppose 0 = u + 2*w + w - 142, -5*u - 4*w + 655 = 0. List the prime factors of u.
127
Suppose 3*u = -12, 0*l - 4*u + 220 = 4*l. List the prime factors of l.
59
Let i = 158 + -88. Suppose -n + i = 3*m, 0 = 4*m + m - n - 122. What are the prime factors of m?
2, 3
Let p(q) = q**3 - 4*q**2 + 4*q - 15. List the prime factors of p(8).
3, 7, 13
Suppose 5*d - 192 = 4*z, 0*d - 3*d - z + 105 = 0. List the prime factors of d.
2, 3
Let q(y) be the first derivative of y**3/3 + 2*y**2 + 5*y + 1. Let s(a) = a**2 - 4*a - 4. Let u be s(4). List the prime factors of q(u).
5
Let z(p) = 3*p - 15. Suppose 4*b - 1 - 27 = 0. What are the prime factors of z(b)?
2, 3
Let z = 2 + -3. What are the prime factors of 11 - (2 + 0) - z?
2, 5
Let f(n) = -5 + 2*n - 4 + 7 + 12. List the prime factors of f(8).
2, 13
Suppose -5*j - 4 = -14. Suppose u = j*u - 17. List the prime factors of u.
17
Suppose 0 = -3*z - 5 - 7. Let v = 6 + z. List the prime factors of v.
2
Let c = 42 - 2. What are the prime factors of c?
2, 5
Let u be 5 - 3/(0 - 3). Suppose -u = -t + 5. What are the prime factors of t?
11
Suppose 20 = b + b. Suppose j - 2*i + 3*i - b = 0, -5*i = 2*j - 11. List the prime factors of j.
13
Let w be 21/6 - (-1)/(-2). Suppose -2*q + 21 = -3*x, -3*q = 2*q + w*x - 63. Let n = -2 + q. List the prime factors of n.
2, 5
Let a = 5 + 11. Suppose -i - a = -2*t, -t + 3*i = -5*t + 12. List the prime factors of t.
2, 3
Let c = -6 - -15. Let h be 45/27 + 1/3*1. Suppose 0 = h*z - 3*z + c. What are the prime factors of z?
3
Let f = 243 - 130. List the prime factors of f.
113
Let d = 85 + -50. List the prime factors of d.
5, 7
Let y(x) = 2*x**2 + 16*x + 13. Let v(o) = o**2 + 8*o + 7. Let z(g) = 7*v(g) - 4*y(g). What are the prime factors of z(-5)?
2, 3
Let g = 20 + -2. Suppose -g = 3*k - 0*t + 2*t, 5*k + 35 = -5*t. List the prime factors of (4/(-3))/(k/18).
2, 3
Let q = 109 + -90. What are the prime factors of q?
19
Let t = -9 - -45. What are the prime factors of 3 - (1 + -4 - t)?
2, 3, 7
Suppose 4*g = 5 + 3. Suppose g*s - 10 = 14. What are the prime factors of s?
2, 3
Let a = 138 - 45. List the prime factors of a.
3, 31
Let k = -161 - -241. Suppose k = m + 4*m. List the prime factors of m.
2
Let n = 26 - 28. List the prime factors of (n/(-3))/(-2)*-159.
53
Let p = 77 + -26. List the prime factors of p.
3, 17
Suppose 3*w = 4*h + 73, -6*w + 9 = -3*w. Let n = 11 + h. List the prime factors of 16*((-45)/12)/n.
2, 3
Let i be 0*-1*1/(-2). Suppose -5*v + 15 = t, -29 = -2*v - 5*t - 0. Suppose -v*p + i*p + 22 = 0. What are the prime factors of p?
11
Let s(b) = b**2 - b + 2. Let u = -9 - -14. What are the prime factors of s(u)?
2, 11
Suppose -5*g - 5*y = -880, 0*g + 4*y + 528 = 3*g. List the prime factors of g.
2, 11
Let a be 4*(3 + -2)*1. Suppose 5 = i - a. List the prime factors of i.
3
Suppose -b + 247 = 2*r, 4*r - 2*b - 231 - 251 = 0. What are the prime factors of r?
2, 61
Let b = -70 + 102. Suppose 6 = -5*r + 4*o + b, -4*o - 10 = 3*r. Suppose 2*k - 6 + r = 0. List the prime factors of k.
2
Let f(i) be the second derivative of i**5/20 + 5*i**4/12 + i**3/2 - 3*i**2/2 - i. Let s be f(-3). Suppose s - 13 = -v. List the prime factors of v.
7
Let b = 2 + 277. List the prime factors of b.
3, 31
Let u = 32 + -5. What are the prime factors of u?
3
Suppose 0 = 2*c + 9 + 1, -26 = -4*j - 2*c. Suppose -7 - j = t. Let m = t + 27. What are the prime factors of m?
11
Suppose 3*f - 137 - 624 = 2*o, 0 = 2*o + 2. List the prime factors of f.
11, 23
Suppose -4*l = -3*l - 10. List the prime factors of l.
2, 5
Let n(i) = -71*i + 3. List the prime factors of n(-2).
5, 29
Suppose -10*x + 6*x = -48. Let r = 26 - x. List the prime factors of r.
2, 7
Suppose 3*a - 4*a = -2. Suppose -a*y + 2 = -y. What are the prime factors of 1 - (y - 2) - -4?
5
Let y be (-13)/1 + 2/2. Let l = y + 31. What are the prime factors of l?
19
Let s(p) = -p**3 - p**2 + p + 5. Let z be s(0). Suppose 25 = z*m, -4*n + 41 = -2*m + 7*m. List the prime factors of n.
2
Let p = 49 + 87. What are the prime factors of p?
2, 17
Suppose 2 = u - 28. List the prime factors of u.
2, 3, 5
Let x = -28 + 33. List the prime factors of x.
5
Suppose -33 = -3*p + 2*p. Suppose 4*a - 3*d - 69 = 0, 2*a - d = 2*d + p. List the prime factors of (a/4)/(3/4).
2, 3
Let f = -1 + 3. Let w(x) = -x + 3*x - 2 + 6*x. What are the prime factors of w(f)?
2, 7
Let x be (2/(-4))/(1/(-4)). Suppose x*q - 32 = q. Let p = q - 23. List the prime factors of p.
3
Let q(g) = g**2 - 3*g - 10. Let c be q(5). Suppose c = 5*y - y - 16. List the prime factors of y.
2
Let m be ((-6)/(-4))/((-3)/(-16)). Suppose -3*j + 4*j - 12 = 0. Suppose -2*y - m = -4*l, l = -5*y + 12 + j. What are the prime factors of y?
2
Let n = -1 - -8. Suppose -3*d = -n*d + 32. List the prime factors of d.
2
Let u be -2 - 0/(0 - -3). List the prime factors of 3 - (-1 - 2/u).
3
Let o be 13 + -2*1/2. List the prime factors of o/(-54) - 76/(-18).
2
Let m = -5 - -3. Let z = m - -5. Suppose 0 = -d + 1, 7*d + z = k + 2*d. What are the prime factors of k?
2
Let g(x) = 4*x + 1. Let b be (3 - 5) + 3/1. Let v = b - -3. What are the prime factors of g(v)?
17
Suppose -20 = -4*j - 0*j. Suppose -4*h = -2*q - 32, -3*h + 0*q - j*q + 11 = 0. What are the prime factors of h?
7
Let l = -7 - -7. Suppose -9 = 3*c - 0*c, 4*h + 3*c - 47 = l. Suppose 4*d = 3*n - 29, -2*n + d = -3*d - h. What are the prime factors of n?
3, 5
Let b(o) = 2*o + 22. What are the prime factors of b(9)?
2, 5
Let u(w) = 0*w + 0*w - 2*w + w**2 - 6 - 6. List the prime factors of u(6).
2, 3
Suppose -c + 579 = 2*t, 591 = 2*t + 3*c + 2*c. Let f be 3/6*t/4. Suppose 0 = -o + 6*u - 4*u - 4, -4*o - 5*u + f = 0. What are the prime factors of o?
2
Let i(x) = x**2 - 6*x - 2. Let l be i(7). Suppose -4*w - 17 = -l*w. List the prime factors of w.
17
Suppose -g = 2*d - 63, -3*d + 177 = 2*d - 4*g. What are the prime factors of d?
3, 11
Let q be (51 + 0)*(-1)/(-3). Let n(z) = -z**2 - 6*z + 4. Let c be n(-5). Let t = q - c. List the prime factors of t.
2
Suppose -3*t + 0 + 21 = 0. Let n(i) = -i**3 + 8*i**2 - 3*i + 3. What are the prime factors of n(t)?
31
Suppose 11 = 5*r + 4*c, -16 = -0*r - 4*r + 4*c. Suppose -2*o = r*o - 100. List the prime factors of o.
2, 5
Let w(l) = -10*l + 12*l - 2*l**2 - 2*l**3 + l**3. Let n be w(-3). Suppose -4*t + 14 = b - 5, 37 = n*b + 2*t. What are the prime factors of b?
11
Let z(y) be the second derivative of -y**4/12 + 11*y**3/6 - 9*y**2/2 - 2*y. List the prime factors of z(7).
19
Suppose -1 = x, 3*x = -4*t + t - 27. Let u = t - -11. Suppose -17 + u = -l. List the prime factors of l.
2, 7
Let u(m) be the third derivative of m**4/8 - 7*m**3/6 - m**2. List the prime factors of u(7).
2, 7
Let w(f) = -f**3 + 6*f**2 - 8*f + 3. Let p be w(5). What are the prime factors of (p - 0)*(-2)/4?
2, 3
List the prime factors of (-1385)/(-15) - (-2)/(-6).
2, 23
Let q(i) = -i**3 - 3*i**2 + 2*i + 4. Let p be q(-3). Let c(g) = -2*g**3 + g**2 - 2. Let u be c(-2). Let t = p + u. List the prime factors of t.
2
Let r = 50 - 0. Suppose -70 = -5*y - 4*v - v, 3*y = -v + r. List the prime factors of y.
2, 3
Let l(z) = 93*z. What are the prime factors of l(1)?
3, 31
Let q(p) = -2*p. Let u be q(-2). Suppose 4*b = 4*m + 28, 5*b + 42 - 14 = -u*m. Let x = 10 + m. What are the prime factors of x?
3
Let s = 3 + -5. List the prime factors of (1*s)/((-12)/114).
19
Let o be 1/2 - 2/4. Let l be -4 + 3 - (9 - o). Let s = 2 - l. List the prime factors of s.
2, 3
Let p(i) = i**3 - 3*i**2 - 8*i + 5. Let l be p(5). Suppose z - 3 = 3*k, 1 = 2*z - 4*k - l. Suppose 0*m = -2*m + z. What are the prime factors of m?
3
Suppose 40 - 4 = 4*s. Let d(a) = -a**3 + 6*a**2 + 6*a + 5. Let q be d(7). Let x = s - q. What are the prime factors of x?
11
Let m(c) = c**2 - c - 34. Let h be m(0). What are the prime factors of h/12*-3*2?
17
Let l be (-2 + (-7)/(-2))*8. Suppose 2*y - 16 = 4*x, -y = 2*x + 4 - l. List the prime factors of y.
2
Suppose 0 = 4*l + 5*c - 26, -l - 2*c = 3*c + 1. What are the prime factors of l?
3
Let j(n) = 99*n - 3. List the prime factors of j(1).
2, 3
Let x(i) = 5*i**2 + 7*